mber?
False
Let h = -7 - -3. Let p be -489 - (h + 2)/(-1). Let d = -192 - p. Is d composite?
True
Suppose -48*o + 80921 = -47*o. Is o composite?
True
Let i = 219 + -215. Let x(h) = 565*h - 33. Is x(i) a composite number?
True
Suppose 0 = 4*l - 20, 25*f + 3*l - 23 = 21*f. Is (-51994)/(-6) - (28/(-21) + f) a composite number?
True
Let j = 104 + -97. Is (j + -6)/1 - -3792 composite?
False
Is (5379138/(-54))/(1 - (-16)/(-12)) composite?
False
Is -14 + 6 + 11 + (15541 - -1) a composite number?
True
Suppose -34*f + 614296 - 177148 = -22*f. Is f prime?
False
Suppose 0 = 3103*t - 3081*t - 8732218. Is t prime?
True
Suppose 68 = 12*p - 16. Let d(x) = 47*x + 68. Is d(p) prime?
True
Let f = 131667 + -91476. Is f a prime number?
False
Let k be -2 - -3 - (-11)/1. Suppose -9*s = -12*s + k. Suppose s*o - 428 + 120 = 0. Is o composite?
True
Let z = -53187 + 17474. Let j = -22422 - z. Is j a prime number?
True
Is ((-1052114)/42)/(3/(-27)) + 12/3 composite?
False
Let o = 322763 + -125226. Is o composite?
True
Suppose 2*l - 135 = 2*i + 63, -2*i = 5*l - 467. Suppose 82*r = l*r - 15821. Is r a prime number?
True
Let y = 38867 + -19576. Is y composite?
True
Let m = 18253 + -26922. Let l = -3402 - m. Is l composite?
True
Let u be (-7)/(35/(-20))*(-30)/(-8). Suppose u*i = 9*i + 2082. Is i composite?
False
Is (-90)/(-315) - (-2413302)/14 a prime number?
False
Let o(a) = -a**3 + 34*a**2 - 31*a - 56. Let p be o(27). Let n = p - 1923. Is n a prime number?
True
Let y = -6002 - -10750. Suppose -5*u + 0*u = -15. Suppose -u*m = m - y. Is m a composite number?
False
Let p be ((-15)/(960/(-34544)))/(2/56). Suppose 198*j = 205*j - p. Is j prime?
False
Let x = -1 + 5. Let t = 334 + 615. Suppose -x*q + 867 = -t. Is q prime?
False
Suppose n = 0, 2*x + 3*n - 36338 = -0*x. Is x prime?
True
Suppose -76655961 = 239*g - 326*g. Is g a prime number?
False
Let d(p) = -5*p**3 - 75*p**2 + 13*p + 15. Let r be -3*(5 + 1) + (-28)/7. Is d(r) prime?
False
Let p = -245 - -251. Suppose p*y = -0*y + 35958. Is y a composite number?
True
Let d(o) be the second derivative of o**4/12 + o**3/6 - 14*o. Let h be d(2). Is (2/h)/(10/20370) prime?
False
Suppose u + 2*u - 10 = -m, 2*u + 2*m - 12 = 0. Suppose c = -4*b + 23, 30*c - 25*c - 3*b - 23 = 0. Is u/c + (-9455)/(-7) prime?
False
Let h be (6 + (-26)/(-4))*(0 - 2). Let m(j) = -j**3 - 24*j**2 - 21*j - 35. Is m(h) a composite number?
True
Let n = 259024 - -1014523. Is n a composite number?
True
Let t(o) = 1934*o + 911 - 924 + 4437*o. Is t(2) a prime number?
False
Let m(s) = 775781*s + 21. Let q be m(1). Suppose 131879 = -27*w + q. Is w a composite number?
True
Let v be 3 + (-5 + 7)*-352. Is (v/5)/((-24)/(-5) - 5) composite?
False
Let d(o) = 1909*o**2 - 5. Is d(-4) prime?
True
Let s = -6132 + 8894. Suppose s = -34*d + 36*d. Is d composite?
False
Let j(p) = -9 - 35 - 17 - 40 + 16 - 39*p. Is j(-32) composite?
False
Is 1651161/(-2)*(-48)/72 a composite number?
True
Let r(b) = 13*b**3 - 4*b**2 + 39*b - 1005. Is r(17) a composite number?
True
Let q = -556 - -578. Is 12/q - (-147606)/66 a composite number?
False
Suppose -k + 81 = 6. Suppose 6*t = 51 + k. Suppose -22*i = -t*i - 39. Is i prime?
False
Let c(w) = -w**3 + 5*w**2 + 5. Let r be c(5). Suppose q = 2*a + 5*q - 758, -r*a = -5*q - 1925. Is a a composite number?
False
Suppose 5*h = q + 2356528, 68*h = 63*h + 4*q + 2356507. Is h composite?
True
Let s = 374 - 250. Suppose s = q + 6. Let i = q - -469. Is i composite?
False
Let a be (-2 + (-3 - (-60)/9))*3. Suppose a*o = -3*c + 1720, 5*c + 235 - 3115 = -5*o. Suppose z = -3*x + 998, 2*x - 2*z - 72 = c. Is x a composite number?
False
Suppose 0 = 32*g - 519633 - 2719311. Is g prime?
False
Let w = -42 - -44. Let q(j) = 13*j**3 + 2*j**2 - 2*j - 2. Let a be q(w). Suppose -x = -3*z + a, 0 = z - x - 41 + 9. Is z a composite number?
False
Let v(c) = 615*c + 77. Let d be v(7). Let i be d - (-1)/1*-4. Let a = 7581 - i. Is a prime?
True
Is 179629 - ((13 - 15) + 14) a prime number?
False
Let y(q) = -267*q - 7. Let i be y(-3). Suppose i = 3*m - 223. Suppose -2*o - m = -2113. Is o a prime number?
True
Let j be 0 + 1 + 4 + (-21)/7. Suppose j = 4*i - 6*i. Is i/(3/1041*-1) a composite number?
False
Let u = 781713 + -453628. Is u composite?
True
Let b(v) = -v**3 - 43*v**2 + 227*v + 64. Is b(-65) composite?
False
Suppose -599302 = -6*n + 28*n. Let u = n - -43322. Is u composite?
True
Let s be 6/(-9) + (-20584)/(-6). Suppose 2*q = 0, -5*w + s = q - 4115. Let i = w + -808. Is i prime?
True
Suppose 87 = 5*u - 2*s, u - 13 = -0*u - 4*s. Let n(z) = 226*z**2 - u*z - 29 - 17*z - 227*z**2. Is n(-14) a prime number?
True
Suppose -4 = -3*q - 2*q + m, 12 = -3*q - 3*m. Let o be 85/(-10)*(-4 + q). Suppose 37*b = o*b + 639. Is b a prime number?
False
Let a = -27081 + 44608. Is a a composite number?
True
Suppose k + p - 7 = -k, -2*k - 8 = -4*p. Let y(v) = -k*v**3 + 2 + 9 + v**3 + 2*v**2 - 16*v**2 + 17*v. Is y(-16) prime?
True
Suppose -4052234 = -21*d + 1148059. Is d a prime number?
True
Let t(z) = 8*z**2 + 4 - 47*z + 0 + 51*z. Let c be t(-1). Let r(f) = f**3 + 2*f**2 - 6*f - 5. Is r(c) prime?
True
Suppose 60 = 4*y - 3*f, -11*f - 75 = -5*y - 10*f. Suppose -16*k - 2*r = -y*k - 24725, 4*k - 98924 = -2*r. Is k prime?
True
Let s(b) = -79 - 6*b + 0*b + 3*b + 80*b**2 + b. Is s(10) composite?
False
Let r be (-68 - (4 + -2))/(-1). Suppose -4*u = -9*u - r. Let z = u - -29. Is z a prime number?
False
Suppose 0 = -6*a + 22 - 4. Suppose c = -5*j + 789, 2*j = c + a*j - 805. Is c composite?
False
Suppose -4*q + 14678 = -3*o + 86245, -3*q = 15. Is o composite?
True
Let m be ((-30)/120)/((-3)/48). Suppose m*v - 216068 = -40488. Is v a prime number?
False
Let l(u) = 6*u**2 + 15*u + 11. Let z be 51/15 - (-3)/5. Suppose -z*n - 47 = 2*a - 1, 5*n + 5*a = -55. Is l(n) a prime number?
False
Suppose 8 = -2*l + 5*l + g, -2*l = -5*g + 23. Is l/((-6 + 0)/(-23658)) composite?
False
Let v(a) = 36*a**2 - 3*a + 11. Let w = -14 + 21. Is v(w) a composite number?
True
Is ((-1853919)/45)/(216/45 + -5) composite?
False
Is (-17404657)/402*((-3 - -1) + -4) a composite number?
False
Let f be (-4 + 10)/(18/6). Suppose 4*h - 2*o = 5018, 2*o - 2494 = -2*h - f*o. Is h prime?
False
Let f(s) be the second derivative of 5*s**4/3 - 87*s**2/2 + 120*s. Is f(-11) a prime number?
True
Suppose -119140369 = 60*u + 162*u - 683247475. Is u a prime number?
True
Let f(w) be the first derivative of 2*w**3/3 - 6*w**2 + 23*w + 316. Let j(u) = -3*u - 3. Let b be j(-6). Is f(b) prime?
True
Is 1*24508*(-15)/(-60) prime?
False
Is (8015338 + 9)/17 - 24 a prime number?
True
Suppose 0 = 49*q - 1437435 - 675298. Is q a composite number?
False
Let w(g) = 17*g**2 - 128*g + 9. Is w(50) prime?
True
Suppose 65 = 11*i + 2*i. Suppose -i*t + 9 = m, -4*m = -0*m - 4*t - 12. Suppose -m*z + 58 = -178. Is z prime?
True
Let c = 165313 + -96204. Is c a prime number?
True
Let u(m) = 5*m**3 - m**2 + 46*m + 29. Is u(15) a composite number?
True
Let m(j) = -178*j**3 - 9*j**2 - 67*j + 25. Is m(-8) a composite number?
False
Suppose -43 = 4*d + 5. Let i be 6*(4/3 - 3). Is 5/i + (-174)/d prime?
False
Let p = 11 - 1. Let a = -53 - -42. Is (0 + -419)/(p + a) composite?
False
Let y(h) = -110*h**3 - 59*h - 100. Is y(-11) a prime number?
False
Let x be (-14)/(-8)*(-104 + 2 + -6). Let k = x + 3616. Is k composite?
True
Let q(u) = u**2 + 17*u + 75. Let g be q(-10). Suppose -g*a + 4*a + 24577 = 0. Is a prime?
False
Let h(i) = i**3 + 9*i**2 - i - 11. Let o be h(-9). Let n be o*((-2)/(-4))/(7/(-126)). Is (-4)/n + (-17886)/(-54) a prime number?
True
Let p(w) = -104*w**3 + 5*w**2 + 10*w + 42. Let v be p(-4). Suppose -2*m = -y - 6723, -2*m - v = -4*m + 4*y. Is m prime?
True
Let j(k) = k - 1. Let x(p) = -5*p + 13. Let g(t) = 12*j(t) + 3*x(t). Let n be g(7). Suppose -n*h + 111 + 2421 = 0. Is h a prime number?
False
Let d = 1427 - -15633. Suppose 14*z - d = 10*z. Is z prime?
False
Is ((-273688)/4)/(11 - (5 - -8)) composite?
False
Suppose -z = -3*y + 514354, -3*y = z - 319609 - 194731. Is y prime?
True
Suppose x + 3*h + 49 = 0, 2*x + 33 = x + h. Let b = -30 - x. Suppose b*r - 8*r + 469 = 0. Is r a prime number?
False
Let y be 1570952/(-14)*357/(-102). Suppose 26*l - 469136 = y. Is l a prime number?
True
Let q(r) = -r - 23. Let d be q(-18). Is (d + 14186)*1/3 a prime number?
False
Let f = -50 - -50. Sup